t is the highest common factor of 784 and 453254116?
196
Calculate the highest common divisor of 4917 and 491441038.
1639
Calculate the greatest common divisor of 558 and 1606006026.
558
What is the greatest common factor of 113292795 and 28952?
3619
Calculate the highest common divisor of 707 and 18774.
7
What is the highest common divisor of 1317 and 50534607?
1317
What is the greatest common divisor of 511428 and 921587?
391
Calculate the highest common factor of 677539354 and 2755.
551
What is the greatest common divisor of 2428584 and 5640?
1128
Calculate the highest common divisor of 33750 and 46331250.
3750
Calculate the greatest common factor of 1660203 and 323.
17
Calculate the highest common factor of 178704 and 39568.
16
What is the greatest common divisor of 134830 and 251230?
970
Calculate the greatest common divisor of 168119 and 2590875.
2303
What is the highest common factor of 479179 and 1410983?
1207
Calculate the greatest common factor of 120 and 15907500.
60
Calculate the highest common factor of 18393613 and 63035.
12607
Calculate the greatest common divisor of 3484 and 14206948.
268
Calculate the highest common divisor of 8339 and 2277239137.
8339
Calculate the highest common factor of 6 and 348415080.
6
Calculate the greatest common factor of 43119711 and 33.
3
What is the highest common divisor of 389938 and 8?
2
What is the highest common divisor of 67679526 and 6?
6
What is the greatest common divisor of 5305677 and 3042?
39
What is the greatest common divisor of 123009 and 4480908?
939
What is the greatest common divisor of 394734 and 1890?
6
What is the greatest common factor of 80 and 24477080?
40
What is the greatest common factor of 21989 and 577711?
1999
Calculate the highest common factor of 21763647 and 1668.
417
What is the highest common factor of 12 and 27171450?
6
Calculate the greatest common divisor of 195873 and 81.
3
What is the highest common divisor of 299780 and 22308?
52
What is the greatest common divisor of 46332 and 314691156?
4212
What is the greatest common factor of 47 and 4768244?
47
Calculate the highest common divisor of 2126 and 179436526.
2126
Calculate the greatest common divisor of 126 and 5454297.
9
Calculate the greatest common factor of 80536306 and 1317.
439
What is the greatest common factor of 332 and 233243446?
166
What is the highest common factor of 7874 and 74295?
127
What is the highest common factor of 2091007776 and 1573?
1573
What is the greatest common divisor of 2480 and 1054324880?
2480
What is the highest common factor of 430368 and 44736?
96
What is the greatest common factor of 25971 and 373825?
787
What is the highest common factor of 18975982 and 2?
2
Calculate the highest common factor of 2286959 and 35190.
391
What is the highest common divisor of 6267264 and 828076?
3436
Calculate the highest common factor of 4774 and 59187618.
434
Calculate the highest common divisor of 114698504 and 16.
8
Calculate the greatest common factor of 366 and 94942047.
183
Calculate the greatest common divisor of 30 and 16138310.
10
Calculate the highest common factor of 1652 and 2117451.
413
What is the highest common factor of 30 and 190591950?
30
Calculate the highest common factor of 248435 and 43780.
55
What is the greatest common factor of 120990202 and 742?
106
What is the greatest common divisor of 838226 and 5041?
71
Calculate the highest common divisor of 1073037 and 29785.
259
What is the highest common factor of 126 and 16744014?
126
Calculate the greatest common factor of 73055 and 7196302.
769
What is the highest common factor of 10651520 and 561000?
7480
What is the greatest common factor of 857 and 45701239?
857
Calculate the greatest common factor of 114586 and 8706098.
2438
Calculate the greatest common factor of 303486347 and 2461.
107
Calculate the greatest common divisor of 1891216 and 8272.
16
What is the highest common factor of 2365659 and 7749?
1107
Calculate the greatest common divisor of 45920 and 4207994.
574
Calculate the greatest common factor of 3819 and 713355.
57
Calculate the highest common factor of 1424800 and 243680.
160
What is the greatest common divisor of 126093 and 858?
33
Calculate the highest common factor of 47 and 613639567.
47
Calculate the highest common factor of 7155 and 865.
5
What is the highest common factor of 33359792 and 192?
16
What is the highest common factor of 31467997 and 44?
11
Calculate the highest common divisor of 6045 and 274755.
195
Calculate the highest common divisor of 7267 and 2245460.
43
What is the highest common factor of 76699161 and 19404?
4851
Calculate the highest common factor of 4646 and 1361186.
46
What is the greatest common divisor of 9123351 and 6?
3
What is the highest common divisor of 350 and 8933106?
14
What is the highest common factor of 52059 and 821733?
111
Calculate the highest common factor of 4539316 and 19916.
1532
What is the highest common divisor of 74774 and 696633?
343
What is the highest common divisor of 127936824 and 32?
8
What is the highest common factor of 11908 and 1222104?
52
Calculate the highest common factor of 5851815 and 66969.
3189
Calculate the highest common factor of 1836 and 297248859.
459
Calculate the highest common divisor of 139855 and 2230940.
1685
What is the highest common divisor of 83400 and 25596?
12
What is the highest common factor of 284562 and 4032?
18
What is the highest common factor of 1076 and 16934088?
1076
What is the greatest common factor of 36165642 and 66?
6
Calculate the greatest common divisor of 622334 and 469614.
3818
Calculate the highest common factor of 279288 and 50301.
81
What is the greatest common factor of 18 and 21694?
2
What is the greatest common divisor of 177507232 and 224?
224
What is the greatest common factor of 110 and 107093250?
110
Calculate the greatest common factor of 308 and 19396132.
28
Calculate the highest common factor of 29109 and 96717.
939
What is the greatest common factor of 35 and 28832335?
35
What is the highest common divisor of 22914 and 663822?
342
Calculate the highest common divisor of 472412 and 4005.
89
What is the greatest common factor of 9420 and 3432020?
3140
Calculate the highest common divisor of 5109747 and 246453.
339
Calculate the greatest common divisor of 1830 and 378078.
366
Calculate the highest common divisor of 734445 and 2331585.
855
Calculate the greatest common divisor of 5288 and 1336.
8
What is the highest common factor of 380848 and 884?
52
Calculate the greatest common factor of 3544794 and 858.
66
Calculate the greatest common factor of 315224 and 208.
104
Calculate the greatest common factor of 98264559 and 177.
177
What is the greatest common factor of 150 and 392115?
15
Calculate the highest common divisor of 218200 and 16600.
200
Calculate the greatest common factor of 57817914 and 847.
847
Calculate the highest common factor of 89559136 and 1312.
32
What is the greatest common factor of 2627184 and 58800?
2352
What is the highest common factor of 10771982 and 884?
442
What is the greatest common divisor of 74799264 and 9?
3
Calculate the greatest common divisor of 10345312 and 64.
32
Calculate the highest common divisor of 223493960 and 95.
95
Calculate the greatest common divisor of 1810 and 140186310.
1810
Calculate the greatest common factor of 6785492 and 134.
134
What is the greatest common divisor of 2374 and 168320161?
1187
What is the greatest common divisor of 39 and 38557077?
39
Calculate the greatest common factor of 1127490 and 1933295.
3185
What is the greatest common divisor of 420 and 63116130?
210
What is the greatest common factor of 14703 and 596994?
87
Calculate the highest common divisor of 963 and 4516791.
321
Calculate the highest common factor of 5260 and 357115865.
1315
Calculate the highest common divisor of 922276 and 168767.
2377
Calculate the greatest common factor of 19 and 7385176.
1
Calculate the greatest common factor of 2075359 and 56485.
143
What is the greatest common factor of 31930 and 59160110?
1030
Calculate the greatest common factor of 15369 and 683709.
141
Calculate the greatest common factor of 2739289 and 72527.
5579
What is the greatest common divisor of 7137 and 9148841?
793
What is the highest common factor of 22400 an